
-5
Let l(m) = -m + 19. Give l(9).
10
Let f(x) = -x - 26. Calculate f(-22).
-4
Let g(u) = u - 9. Determine g(0).
-9
Let a(n) = -2*n**2 - 4*n - 2. Give a(-2).
-2
Let m(f) = -4*f**2 + f + 3. Give m(-1).
-2
Let x(l) = 3*l + 21. What is x(-15)?
-24
Let l(j) = 10*j + 1. Determine l(-7).
-69
Let r(d) = 2*d**3 - 6*d**2 + 5*d. What is r(4)?
52
Let k(i) = -5*i + 35. Calculate k(6).
5
Let z(d) = -d + 2. Determine z(0).
2
Let n(b) = -3*b**2 + 3. Determine n(-5).
-72
Let g(v) = 7*v + 61. What is g(15)?
166
Let z(f) = -3*f**3 - 2*f**2 + 6*f - 6. Give z(2).
-26
Let y(b) = b**3 + 5*b**2 - 7*b - 6. Calculate y(-6).
0
Let r(v) = v**2 - 52*v + 276. Calculate r(6).
0
Let u(f) = -2*f**2 - 5*f - 9. Determine u(-4).
-21
Let d(m) = 13*m**2 - 95*m + 94. What is d(6)?
-8
Let b(z) = 4*z - 33. Determine b(6).
-9
Let x(j) = -5*j + 18. Determine x(4).
-2
Let s(i) = -24*i + 49. What is s(2)?
1
Let t(z) = -z**3 + 12*z**2 - 31*z + 3. Give t(3).
-9
Let j(d) = 81*d - 642. What is j(8)?
6
Let a(f) = 3*f**2 - 3*f. What is a(2)?
6
Let x(a) = 31*a**3 - a**2. What is x(-1)?
-32
Let n(a) = 2*a + 17. What is n(-7)?
3
Let h(g) = g**3 - 7*g**2 + 4*g + 4. What is h(5)?
-26
Let l(f) = -f**3 - 16*f**2 + 18*f + 15. What is l(-17)?
-2
Let u(s) = 4*s + 9. Give u(-2).
1
Let y(r) = -r**3 - 7*r**2 - 6*r + 2. Determine y(-6).
2
Let y(j) = 6*j + 236. Give y(-38).
8
Let t(q) = -3*q - 3. Give t(1).
-6
Let u(p) = p**3 + 5*p**2 + 1. Give u(-5).
1
Let o(a) = -a**3 - a**2 + a + 1. What is o(-1)?
0
Let m(w) = 3*w - 33. What is m(13)?
6
Let i(o) = 19*o - 105. What is i(6)?
9
Let f(x) = -x**3 + 8*x**2 - 6*x - 8. What is f(7)?
-1
Let g(m) = -m**3 - 5*m**2 + 5*m - 18. What is g(-6)?
-12
Let r(w) = -w + 17. Calculate r(35).
-18
Let l(m) = -m**2 - 25*m + 25. What is l(1)?
-1
Let t(r) = r**3 - 11*r**2 - 11*r - 21. Determine t(12).
-9
Let u(f) = f**3 + 8*f**2 + 10*f - 14. Determine u(-6).
-2
Let d(x) = -16*x**2 - 2*x - 1. What is d(-1)?
-15
Let x(c) = 29*c - 12. What is x(0)?
-12
Let y(z) = 2*z - 20. What is y(12)?
4
Let d(p) = p**2 - 14*p - 20. Determine d(15).
-5
Let t(b) = -b**2 - 29*b - 134. Calculate t(-6).
4
Let b(o) = 34*o. Give b(-1).
-34
Let n(l) = -l**3 + 5*l**2 + 103*l + 8. Calculate n(13).
-5
Let k(q) = -q**3 - 11*q**2 - 2. Determine k(-11).
-2
Let q(c) = c**3 + 12*c**2 - 12*c - 18. Calculate q(-13).
-31
Let b(j) = -10*j**2 + 172*j - 37. What is b(17)?
-3
Let t(d) = -d**3 + 13*d**2 - 13*d - 17. Determine t(12).
-29
Let d(l) = l**3 + l**2 + 3*l - 1. Give d(-3).
-28
Let c(v) = -v**3 + 17*v**2 + 18*v + 20. Calculate c(18).
20
Let u(p) = -6*p + 284. Give u(46).
8
Let g(l) = 2*l**2 - 14*l - 61. Calculate g(-5).
59
Let b(n) = n + 5. What is b(4)?
9
Let w(c) = -12*c**2 - 3*c - 2. Determine w(-1).
-11
Let q(x) = x**3 + 41*x**2 + 35*x - 218. Give q(-40).
-18
Let q(s) = -s - 9. What is q(-4)?
-5
Let g(p) = -p**3 + 3*p**2 - 3*p - 3. Give g(3).
-12
Let l(z) = 2*z**2 + 2*z + 4. Determine l(-4).
28
Let o(v) = 2*v**2 - 21*v - 9. Determine o(11).
2
Let h(u) = -u**3 + 7*u**2 - 10*u - 4. Determine h(5).
-4
Let l(n) = 6*n - 7. Give l(0).
-7
Let a(w) = 3*w - 1. What is a(-1)?
-4
Let p(i) = i**3 - 5*i**2 - 6*i - 5. Determine p(6).
-5
Let w(i) = -20*i - 20. Determine w(8).
-180
Let s(y) = -23*y**3 + 2*y**2 + 2*y - 2. What is s(1)?
-21
Let k(b) = -2*b**3 + b**2 + 4*b. Give k(-3).
51
Let k(i) = -11*i + 5. What is k(3)?
-28
Let w(u) = u**3 + 5*u**2 + 4*u + 1. Determine w(-5).
-19
Let z(h) = h**3 - 16*h**2 + 54*h - 11. Calculate z(12).
61
Let t(d) = d**2 + 2*d - 10. Calculate t(-7).
25
Let y(c) = c - 17. Calculate y(13).
-4
Let a(d) = -7*d - 27. Determine a(-3).
-6
Let i(h) = -7*h + 6. Give i(-2).
20
Let w(b) = b - 15. What is w(-11)?
-26
Let a(r) = -8*r**3 - 3*r**2 - 4*r - 2. Give a(-1).
7
Let l(c) = 3*c**3 + 2*c**2 - c + 1. Calculate l(-2).
-13
Let x(k) = k**2 - 10*k + 4. Determine x(10).
4
Let b(p) = p**2 - 2*p + 12. Determine b(0).
12
Let q(u) = -u**3 + 4*u**2 + 22*u - 79. Calculate q(5).
6
Let c(b) = -19*b - 66. Calculate c(-4).
10
Let t(u) = -2*u**2 + u. What is t(-1)?
-3
Let y(b) = 7*b + 19. What is y(-4)?
-9
Let r(o) = -o**2 - 11*o - 10. Determine r(-10).
0
Let n(x) = -15*x + 15. What is n(9)?
-120
Let m(x) = x**3 - 21*x**2 - 25*x + 82. Give m(22).
16
Let c(a) = a**2 - a - 1. Determine c(2).
1
Let f(u) = -u**3 + 4*u**2 - 3*u - 5. What is f(3)?
-5
Let y(f) = -3*f**2 + 5*f - 3. Give y(3).
-15
Let w(d) = -4*d - 10. What is w(-12)?
38
Let u(j) = -15*j**2 + j - 3. What is u(1)?
-17
Let t(y) = -y + 6. Calculate t(-13).
19
Let q(h) = -77*h - 934. Give q(-12).
-10
Let f(w) = -2*w + 5. Give f(3).
-1
Let u(k) = -k**2 + 3*k - 7. Calculate u(5).
-17
Let d(q) = 2*q**2 - 6. Give d(-2).
2
Let h(w) = -3*w**2 + 6*w. What is h(3)?
-9
Let t(m) = -3*m**2 - 21*m - 6. Determine t(-6).
12
Let w(c) = -c**3 - 13*c**2 + 70*c + 31. Calculate w(-17).
-3
Let x(a) = -a**3 - 3*a - 3. Calculate x(3).
-39
Let f(h) = h**3 - 5*h**2 + 5*h - 11. Give f(4).
-7
Let t(v) = -v**2 - 13*v - 22. What is t(-13)?
-22
Let k(g) = -10*g - 1. Give k(1).
-11
Let t(x) = 21*x + 60. Determine t(-3).
-3
Let q(o) = o**3 + 11*o**2 - o - 5. Give q(-11).
6
Let o(f) = -2*f + 8. Determine o(7).
-6
Let i(p) = -p**3 + 5*p**2 - 5*p + 6. Determine i(4).
2
Let c(w) = w**3 + 4*w**2 + 5*w. Calculate c(-3).
-6
Let z(f) = f**2 - 36*f - 38. What is z(37)?
-1
Let z(m) = 26*m**2 + 4*m - 1. Calculate z(-2).
95
Let i(w) = -25*w**2 - w + 2. What is i(2)?
-100
Let j(k) = 2*k**2 + 10*k. Determine j(-4).
-8
Let f(y) = 3*y + 40. What is f(-5)?
25
Let x(o) = 2*o + 6. Calculate x(4).
14
Let p(w) = 15*w**3 - 3*w**2 + 15*w + 16. What is p(-1)?
-17
Let f(t) = -21*t**3 + 3*t + 2. Determine f(-1).
20
Let z(u) = -u**3 - 11*u**2 + 15*u + 11. Give z(-12).
-25
Let s(b) = b**2 - 54*b - 364. Calculate s(60).
-4
Let z(n) = 8*n + 119. Determine z(-16).
-9
Let q(z) = -z**3 - 13*z**2 + z + 12. What is q(-13)?
-1
Let n(z) = -z**2 - 9*z - 31. Determine n(-7).
-17
Let n(t) = -t**2 + 6*t. Give n(6).
0
Let l(t) = -2*t**2 + t. Calculate l(2).
-6
Let v(r) = 2*r**3 + 18*r**2 + r + 12. Calculate v(-9).
3
Let o(g) = 12*g + 24. Calculate o(-2).
0
Let v(b) = 2*b**3 - 99*b**2 - 51*b + 74. Calculate v(50).
24
Let y(n) = -n**3 + 4*n**2 - 9*n + 10. Determine y(5).
-60
Let a(j) = -3*j - 15. Determine a(-16).
33
Let y(a) = -a**2 + 16*a - 17. Determine y(14).
11
Let j(v) = v**3 - 10*v**2 + 20*v - 2. What is j(7)?
-9
Let a(r) = 11*r - 180. Determine a(17).
7
Let y(r) = -4*r + 39. Give y(5).
19
Let j(z) = 2*z + 3. Calculate j(4).
11
Let w(l) = 2*l. Give w(-4).
-8
Let w(z) = -z**3 + 6*z**2 - 3*z + 6. Determine w(7).
-64
Let j(l) = l**2 + 2*l - 7. Determine j(-4).
1
Let r(j) = 2*j**2 + 14*j + 27. Determine r(-2).
7
Let w(l) = 7*l + 19. Give w(-5).
-16
Let j(u) = u**3 - 17*u**2 + 66*u + 6. Give j(6).
6
Let g(p) = -9*p**3 + 8*p**2 + 6*p. Give g(-1).
11
Let g(y) = -y**3 + 2*y**2 + 9*y + 31. Calculate g(5).
1
Let v(j) = -5*j + 5. Determine v(0).
5
Let o(x) = x**3 + 2*x**2 + 5*x + 3. What is o(-2)?
-7
Let d(g) = g**3 + 26*g**2 + 30*g + 36. What is d(-25)?
-89
Let g(i) = i**3 + 21*i**2 + 18*i - 40. Determine g(-20).
0
Let k(i) = 5*i - 336. What is k(66)?
-6
Let u(s) = -s**3 - 18*s**2 + 18*s - 27. Calculate u(-19).
-8
Let n(c) = -2*c - 6. Calculate n(-14).
22
Let o(z) = -z + 33. What is o(22)?
11
Let t(m) = -9*m**2 + 44*m + 5. Determine t(5).
0
Let n(h) = -16*h + 2. Give n(-1).
18
Let j(b) = -4*b + 7. Give j(-5).
27
Let d(z) = z**3 - 10*z**2 + 8*z - 9. What is d(9)?
-18
Let k(v) = -4*v - 92. What is k(-22)?
-4
Let h(o) = -10*o + 8. Calculate h(-5).
58
Let t(w) = -3*w + 4. Calculate t(-4).
16
Let l(x) = 14*x + 139. What is l(0)?
139
Let m(r) = -85*r - 3. Calculate m(1).
-88
Let n(j) = -17*j**2 - 1. Determine n(1).
-18
Let b(f) = f + 29. Calculate b(-20).
9
Let y(p) = 5*p + 141. Give y(-24).
21
Let w(c) = -3*c - 33. Give w(-11).
0
Let x(w) = w**3 - 4*w**2 - 5*w + 4. Determine x(5).
4
Let k(a) = a**2 - 13*a. Determine k(7).
-42
Let k(x) = 12*x + 72. What is k(-8)?
-24
Let b(o) = 10*o**3 - o**2. Calculate b(1).
9
Let i(f) = f**2 - 2*f + 1. Determine i(5).
16
Let b(g) = g**3 - 8*g**2 + 19*g - 9. Calculate b(6).
33
Let a(s) = 5*s + 38. Determine a(-7).
3
Let j(i) = -i**3 - 13*i**2 + 28*i + 196. What is j(-14)?
0
Let r(j) = -25*j + 98. Give r(4).
-2
Let u(h) = -4*h**2 + 19*h + 2. Give u(5).
-3
Let d(t) = -2*t**2 - 25*t + 9. What is d(-13)?
-4
